lse
Is 4033 even?
False
Does 12 divide 155?
False
Does 29 divide 53087?
False
Does 23 divide 808?
False
Is 90 a factor of 28980?
True
Is 46379 a multiple of 19?
True
Is 207 a multiple of 5?
False
Is 504 a multiple of 3?
True
Does 52 divide 48194?
False
Is 109 a factor of 67662?
False
Is 6 a factor of 54?
True
Does 8 divide 46112?
True
Does 42 divide 124?
False
Does 13 divide 13117?
True
Is 27 a factor of 850?
False
Is 13266 a multiple of 66?
True
Is 14 a factor of 13902?
True
Is 16 a factor of 1968?
True
Is 553 a multiple of 23?
False
Is 6 a factor of 461?
False
Is 1064 a multiple of 109?
False
Is 2665 a multiple of 41?
True
Is 21450 a multiple of 165?
True
Does 33 divide 10229?
False
Does 2 divide 3700?
True
Is 70 a factor of 5972?
False
Is 37 a factor of 2257?
True
Does 30 divide 6030?
True
Does 8 divide 320?
True
Is 38304 a multiple of 152?
True
Does 37 divide 3477?
False
Does 34 divide 306?
True
Is 546 a multiple of 91?
True
Is 63925 a multiple of 25?
True
Is 286 a multiple of 26?
True
Does 44 divide 1012?
True
Is 5 a factor of 8807?
False
Is 550 a multiple of 22?
True
Is 336 a multiple of 8?
True
Does 10 divide 7993?
False
Is 30 a factor of 1439?
False
Is 16350 a multiple of 268?
False
Is 5 a factor of 380?
True
Does 15 divide 29?
False
Is 8 a factor of 24024?
True
Is 15 a factor of 2370?
True
Does 45 divide 140?
False
Is 369 a multiple of 41?
True
Is 45 a factor of 1305?
True
Is 49 a factor of 25627?
True
Is 13 a factor of 374?
False
Is 13 a factor of 2431?
True
Does 17 divide 2115?
False
Is 22 a factor of 86?
False
Is 45 a factor of 61372?
False
Is 11 a factor of 676?
False
Is 3 a factor of 302?
False
Is 107 a factor of 3204?
False
Does 7 divide 2207?
False
Is 39424 a multiple of 8?
True
Is 66 a factor of 35244?
True
Is 95 a factor of 25555?
True
Is 22576 a multiple of 86?
False
Is 729 a multiple of 27?
True
Does 10 divide 1721?
False
Is 816 a multiple of 12?
True
Is 8 a factor of 904?
True
Is 271 a multiple of 3?
False
Is 781 a multiple of 7?
False
Does 15 divide 36855?
True
Is 12035 a multiple of 13?
False
Is 456 a multiple of 57?
True
Is 21 a factor of 448?
False
Is 3376 a multiple of 16?
True
Does 94 divide 3948?
True
Does 16 divide 5312?
True
Does 3 divide 444?
True
Is 16 a factor of 55102?
False
Does 10 divide 21823?
False
Is 10290 a multiple of 42?
True
Is 30 a factor of 1170?
True
Is 11 a factor of 157?
False
Is 10 a factor of 200?
True
Is 3098 a multiple of 69?
False
Is 10 a factor of 597?
False
Is 730 a multiple of 73?
True
Is 1017 a multiple of 9?
True
Is 9308 a multiple of 12?
False
Does 35 divide 590?
False
Does 2 divide 14227?
False
Is 1143 a multiple of 54?
False
Is 3 a factor of 1251?
True
Is 9 a factor of 1701?
True
Is 992 a multiple of 23?
False
Is 31374 a multiple of 27?
True
Does 27 divide 1229?
False
Is 6993 a multiple of 22?
False
Is 21 a factor of 314?
False
Is 22710 a multiple of 43?
False
Is 4 a factor of 224?
True
Does 2 divide 5001?
False
Does 7 divide 7945?
True
Is 363 a multiple of 11?
True
Is 1510 a multiple of 29?
False
Is 30 a factor of 2146?
False
Is 131 a factor of 6837?
False
Is 13 a factor of 559?
True
Does 11 divide 1942?
False
Does 89 divide 105617?
False
Does 8 divide 55?
False
Does 23 divide 199?
False
Is 184 even?
True
Does 13 divide 548?
False
Does 42 divide 175?
False
Does 13 divide 3282?
False
Does 37 divide 83213?
True
Is 28 a factor of 11876?
False
Is 19483 a multiple of 2?
False
Is 17 a factor of 7123?
True
Is 8 a factor of 1004?
False
Does 10 divide 749?
False
Is 36468 a multiple of 151?
False
Is 206 a multiple of 2?
True
Does 4 divide 540?
True
Is 9765 a multiple of 49?
False
Is 14910 a multiple of 17?
False
Does 45 divide 10055?
False
Is 14 a factor of 34803?
False
Is 90 a factor of 630?
True
Is 41 a factor of 25952?
False
Is 20332 a multiple of 26?
True
Does 74 divide 756?
False
Does 20 divide 129365?
False
Is 210 a factor of 19950?
True
Does 22 divide 5676?
True
Is 1394 a multiple of 34?
True
Does 3 divide 1027?
False
Does 3 divide 113?
False
Does 29 divide 116?
True
Is 214 a factor of 11828?
False
Is 10518 a multiple of 23?
False
Is 1903 a multiple of 59?
False
Is 2210 a multiple of 21?
False
Is 18 a factor of 2394?
True
Is 12 a factor of 744?
True
Does 4 divide 1192?
True
Is 3 a factor of 4535?
False
Does 10 divide 1984?
False
Is 18 a factor of 3163?
False
Is 4 a factor of 72?
True
Does 5 divide 7800?
True
Does 9 divide 1998?
True
Does 61 divide 27023?
True
Is 6 a factor of 15612?
True
Is 68 a factor of 612?
True
Does 34 divide 782?
True
Is 7748 a multiple of 26?
True
Does 31 divide 2521?
False
Is 10 a factor of 140?
True
Is 91 a factor of 4147?
False
Is 18204 a multiple of 246?
True
Is 73 a factor of 219?
True
Is 1828 a multiple of 50?
False
Does 93 divide 1898?
False
Is 1274 a multiple of 182?
True
Is 70953 a multiple of 107?
False
Does 112 divide 1008?
True
Is 1036 a multiple of 41?
False
Is 600 a multiple of 75?
True
Does 52 divide 24700?
True
Is 350 even?
True
Does 361 divide 46648?
False
Does 9 divide 3996?
True
Is 179 a factor of 15931?
True
Is 88 a multiple of 14?
False
Is 14112 a multiple of 112?
True
Is 588 a multiple of 42?
True
Is 31 a factor of 8432?
True
Is 69 a factor of 9798?
True
Does 28 divide 5360?
False
Is 153 a factor of 7868?
False
Is 18 a factor of 1404?
True
Does 94 divide 9118?
True
Is 356 a multiple of 2?
True
Is 32 a factor of 26272?
True
Is 81 a factor of 2386?
False
Does 57 divide 638?
False
Does 11 divide 1617?
True
Is 17374 a multiple of 146?
True
Is 187 a factor of 4488?
True
Is 4531 a multiple of 23?
True
Is 104 a multiple of 8?
True
Is 27225 a multiple of 45?
True
Is 1184 a multiple of 74?
True
Does 18 divide 396?
True
Is 31 a factor of 355?
False
Does 28 divide 1988?
True
Does 13 divide 156?
True
Is 57 a factor of 2654?
False
Is 2210 a multiple of 65?
True
Is 13 a factor of 732?
False
Is 506 a multiple of 26?
False
Does 4 divide 948?
True
Is 117 a factor of 7718?
False
Is 1508 a multiple of 6?
False
Does 66 divide 3961?
False
Is 3536 a multiple of 7?
False
Is 17 a factor of 133?
False
Is 40 a factor of 1545?
False
Does 15 divide 1238?
False
Is 16 a factor of 685?
False
Is 17 a factor of 1034?
False
Is 10 a factor of 590?
True
Does 117 divide 713?
False
Does 76 divide 39520?
True
Is 8496 a multiple of 48?
True
Does 11 divide 387?
False
Does 59 divide 885?
True
Is 16 a factor of 1020?
False
Does 111 divide 2886?
True
Is 27507 a multiple of 4?
False
Is 433 a multiple of 8?
False
Is 123 a factor of 8227?
False
Is 9 a factor of 595?
False
Is 30 a factor of 1650?
True
Does 29 divide 54027?
True
Is 3794 a multiple of 4?
False
Is 2 a factor of 1088?
True
Does 85 divide 75594?
False
Is 38860 a multiple of 268?
True
Is 945 a multiple of 7?
True
Does 14 divide 884?
False
Is 5126 a multiple of 38?
False
Does 96 divide 1248?
True
Is 39 a factor of 780?
True
Is 2 a factor of 16621?
False
Is 7037 a multiple of 159?
False
Is 61578 a multiple of 69?
False
Is 1968 a multiple of 9?
False
Does 20 divide 921?
False
Does 198 divide 12863?
False
Does 10 divide 3020?
True
Is 92 a factor of 552?
True
Is 882 a multiple of 3?
True
Is 1337 a multiple of 7?
True
Is 2 a factor of 285?
False
Is 4490 a multiple of 35?
False
Does 5 divide 5040?
True
Does 45 divide 33525?
True
Is 288 a multiple of 72?
True
Is 9 a factor of 28879?
False
Is 92315 a multiple of 185?
True
Does 14 divide 93?
False
Does 227 divide 32171?
False
Is 252 a multiple of 14?
True
Does 153 divide 1224?
True
Does 94 divide 1504?
True
Does 9 divide 5689?
False
Is 9 a factor of 2871?
True
Is 8836 a multiple of 65?
False
Is 25 a factor of 4575?
True
Is 11 a factor of 26429?
False
Is 24821 a multiple of 5?
False
Is 6 a factor of 2874?
True
Is 40 a factor of 1240?
True
Does 15 divide 1294?
False
Is 9 a factor of 1016?
False
Is 29784 a multiple of 34?
True
Is 208 a factor of 68500?
False
Does 19 divide 1437?
False
Does 20 divide 6346?
False
Is 1984 a multiple of 2?
True
Is 18 a factor of 1439?
False
Is 355 a multiple of 5?
True
Is 1092 a multiple of 28?
True
Is 3555 a multiple of 15?
True
Does 12 divide 41400?
True
Is 5 a factor of 7986?
False
Does 12 divide 1825?
False
Is 1422 a multiple of 42?
False
Does 40 divide 19560?
True
Does 2 divide 1055?
False
Does 4 divide 2880?
True
Does 61 divide 30928?
False
Does 2 di